he first derivative of 2*g**3/3 - 1. Suppose -22*n - 28 = -8*n. Determine c(n).
8
Let x(s) = s**3 + 4*s**2 + 1. Let w(m) = -m - 17. Let g be ((-26)/4)/((-2)/(-4)). Let o be w(g). Determine x(o).
1
Let p(n) = -2*n**2 + 23*n - 23. Let y(s) = -s**2 + 12*s - 12. Let o(r) = 3*p(r) - 5*y(r). Give o(6).
9
Let c be (-1)/30 - 1/(-5). Let m(v) be the third derivative of 0*v**4 + 0 - 1/60*v**5 - c*v**3 + 2*v**2 + 0*v. Calculate m(-2).
-5
Let i(w) = -w - 5. Let r be i(-9). Let y(s) = -s**2 + 6*s - 6. Determine y(r).
2
Let x(w) be the third derivative of w**4/24 - 5*w**3/6 + 2*w**2. Let f be x(7). Let z be 4/8*1*f. Let c(o) = 10*o**2 + o. Determine c(z).
11
Let n(k) be the third derivative of k**5/60 - k**3 - 7*k**2. Give n(0).
-6
Let b be 567/72 + -8 + (-34)/(-16). Let o(l) = 6*l - 1. Give o(b).
11
Let i(m) = -m + 5*m**2 - 7*m + 0*m**3 + 3 + m**3 + 3*m. Determine i(-6).
-3
Let w(v) be the third derivative of -v**6/120 + v**5/12 + v**4/4 - v**3 + 4*v**2. Calculate w(6).
-6
Let s(u) = u**3 - 4*u**2 + u + 1. Let o(j) = -2*j**2 - 13*j - 11. Let a be o(-5). Give s(a).
5
Let a be (-140)/(-28) - 4/(-4). Let b(o) = o**3 + o**2 - 1. Let k(t) = 2*t**3 + 8*t**2 + 6*t - 8. Let v(w) = 3*b(w) - k(w). What is v(a)?
5
Suppose 21 + 27 = 4*c. Let w be c/(-10)*50/15. Let q(n) = -n - 5. Give q(w).
-1
Let l(n) = 2*n - 17. Let u(k) = -3*k + 26. Let m(t) = -t**3 + 9*t**2 + 11*t - 15. Let b be m(10). Let w(y) = b*u(y) - 8*l(y). Determine w(7).
-1
Let l(m) = 4*m**3 - 6*m**2 - 5*m - 3. Let n(h) = 7*h**3 - 11*h**2 - 9*h - 6. Let f(r) = -5*l(r) + 3*n(r). Determine f(4).
5
Let y(j) = 0*j + 5 - 2*j**2 + 0*j. Let z(r) = 1 + r**2 + 0 + r - 5. Let i(h) = 2*y(h) + 3*z(h). Determine i(2).
0
Let x(g) = -g - 2. Suppose 4*j = 3*j + 2. Suppose 2*t + 20 = -j*t + 4*r, 3*r = -2*t. Determine x(t).
1
Let k(a) = -a. Let v be (4/6)/((-10)/(-45)). Let y be k(v). Let z(b) = -b**3 - b**2 + 5*b + 3. What is z(y)?
6
Let j(d) be the first derivative of d**7/840 - d**6/120 + d**4/12 - 2*d**3/3 - 2. Let n(u) be the third derivative of j(u). Give n(2).
-2
Let w(r) be the second derivative of r**8/6720 + r**7/630 - r**6/120 - r**5/24 + 5*r**4/12 + r. Let v(d) be the third derivative of w(d). Calculate v(-5).
0
Let n(h) = h**2 + h - 1. Let u(t) = 5*t**2 + t - 7. Let o(g) = -6*n(g) + u(g). Let f be ((-2)/4)/((-1)/(-8)). What is o(f)?
3
Let n(k) = 23*k**2 - 3 - k + 15*k**3 - 21*k**2 - 14*k**3. Give n(-3).
-9
Let m(o) = o**3 + o - 6. Let x(w) = -w**2 - 5*w - 4. Let k be x(-4). Give m(k).
-6
Let x = -49 + 55. Let r(n) be the third derivative of 0*n - 1/12*n**4 - 1/60*n**x - 3*n**2 + 0 - 1/6*n**3 - 1/60*n**5. Give r(-1).
2
Let r(o) be the first derivative of -o**7/840 - o**6/60 + o**5/120 + o**4/6 + 7*o**3/3 - 1. Let c(k) be the third derivative of r(k). What is c(-6)?
-2
Let l(w) = 3*w - 3. Let r(d) = -d**3 - 22. Let s be r(0). Let b be s/(-3) + 2/(-6). Let h = b - 4. Give l(h).
6
Let v(w) be the first derivative of w**6/30 + w**5/120 - w**4/24 + w**3/3 - 2. Let x(p) be the third derivative of v(p). Determine x(1).
12
Let x(l) = 52*l**2 + 0*l + 0*l - 48*l**2 - l**3. Suppose -p + 9 = 4*k, 0 = -3*k + 2*k - 4*p - 9. What is x(k)?
9
Suppose 0 = 3*h + 21 - 6. Let c(f) be the second derivative of f**4/12 + 4*f**3/3 + 3*f**2 + 175*f. Give c(h).
-9
Let a(j) = j + 1. Suppose -5 - 11 = 4*o. Let v = -24 - -14. Let s be o/(-20) + (-28)/v. What is a(s)?
4
Let y(w) = 0*w + w - 1 + 2 + 5*w. Let v(s) = s + 1. Let l(b) = 4*v(b) - y(b). Calculate l(-3).
9
Let a be 215/25 + (-6)/10. Suppose -20 = -4*c + f, c + f + a = -2*f. Suppose -8 = -v - c. Let b(z) = z - 4. Calculate b(v).
0
Suppose -5*h = -6*h + 6. Let f(z) = z**3 - 6*z**2 + z - 3. What is f(h)?
3
Let u(n) = 3*n**3 - 6*n**2 + 6*n + 5. Let k(g) = g**3 + g**2 - 1. Let c(v) = 2*k(v) - u(v). What is c(7)?
0
Let q(z) = -z**3 + 2*z**2 - z - 1. Let y(a) = -a - 1. Let m be y(-4). Calculate q(m).
-13
Let l(c) = c**2 + 10*c + 14. Let q(t) = -t - 1. Let y(x) = l(x) + 5*q(x). Let o(n) = -2*n**2 - 10*n - 18. Let r(d) = -4*o(d) - 7*y(d). What is r(-6)?
15
Let o(r) = -4*r + 9. Let s(x) = x - 1. Let l(z) = o(z) + 3*s(z). What is l(5)?
1
Let s(g) = 3*g**2 + 2*g + 3. Suppose 0 = -2*z + 4 - 8. Calculate s(z).
11
Let z(h) = 3*h**2 - 12*h - 23. Let w(c) = -c**2 + 4*c + 8. Let q(v) = 11*w(v) + 4*z(v). Give q(6).
8
Let y(m) = -1. Let k(x) = 6. Let c(r) = k(r) + 5*y(r). Let v(u) = u**2 - 3*u - 6. Let h(a) = 4*c(a) + v(a). Let o = -1 - -4. What is h(o)?
-2
Let r(o) = -o + 1. Let j(m) = -m**2 - 3. Let v(b) = j(b) + 2*r(b). Let t(p) = -2*p - 2. Let y be t(-2). Let n be y + (-6)/(-4)*-2. Determine v(n).
0
Suppose -j = h + 3*j + 2, -2*j = -2*h + 16. Let x(n) = 3*n - 9. Determine x(h).
9
Let b(m) = -3*m. Let z(r) = -3 + 4 - 4 + r**2 - r. Let c be z(0). Calculate b(c).
9
Suppose -2*k + 2 + 9 = -3*r, 5*k - 17 = -3*r. Suppose 2*d = -2 + k. Let c(n) be the third derivative of n**4/12 + n**3/6 + 2*n**2. What is c(d)?
3
Let x = 2/541 + 493/12984. Let f(h) be the third derivative of 4*h**2 + 0 - x*h**4 + 0*h + 0*h**3. Determine f(1).
-1
Let z(b) be the second derivative of b**2 - 1/3*b**3 + 5*b + 0 - 1/6*b**4. Suppose m + 1 = 3*h, -4*h = -0*h + m - 13. Determine z(h).
-10
Let l(u) = 21 + 20 - 40 - 4*u. Let b = -3 + 1. Calculate l(b).
9
Let d = -13 - -10. Let g(t) = t**3 + 2*t**2 - t. Determine g(d).
-6
Let v(d) be the second derivative of -d**6/720 + 7*d**5/120 - d**4/3 + 2*d. Let p(m) be the third derivative of v(m). Determine p(6).
1
Let k(r) = -r**3 - 5*r**2 + r. Suppose -3*h + 10*o - 5*o - 23 = 0, -34 = 5*h - 4*o. Let p = 14 + h. Let m = p + -13. Determine k(m).
-5
Let h(o) = -4*o + 5. Suppose -2*b + 4*c + 12 = 7*c, 0 = 5*b - 4*c - 30. Give h(b).
-19
Let s(t) = 0 + 0 + 5 + t + 1. Let c(a) = a + 7. Let i(z) = 4*c(z) - 5*s(z). Give i(2).
-4
Let w(k) = -3*k + 6*k + 2*k - 4*k + 13. Calculate w(-6).
7
Let i(v) = -v**2 - 7*v. Let a = -66 + 59. Determine i(a).
0
Let a(x) = -x. Let l be a(-2). Let o(z) = -4*z**2 + 3*z - 2. Determine o(l).
-12
Let x(a) be the second derivative of a**3/6 - a. Suppose 3*r = 12 - 3, -15 = t - 4*r. Calculate x(t).
-3
Suppose 3*n - 3*k + 18 = 0, n = -0*n - 4*k - 1. Let l = -5 - n. Let x(a) = -a**2 + 0*a**2 + 0*a**2 - a + 1. What is x(l)?
1
Let b = 29 + -14. Let t be (-144)/(-20) + (-1)/5. Let w(x) = b*x - 16*x - 2 + t. Calculate w(3).
2
Let l(c) = c - 1. Let s be l(7). Let v(z) = z**3 - 5*z**2 - 8*z + 5. What is v(s)?
-7
Let n(o) be the second derivative of -o**3/2 + 2*o**2 + 3*o. Calculate n(7).
-17
Let v(x) = 3*x - 4*x - 5 + 3*x - x. Let b be 6/(-33) - (-64)/(-11). Let a = 11 + b. Give v(a).
0
Let y(g) = -6*g + 5. Let q(c) = 6*c - 3. Let a be q(3). Suppose 0 = 2*t + t - a. Let h(m) = -m. Let v(z) = t*h(z) - y(z). Give v(6).
1
Let n(m) = 55*m - 1 - m**2 - 60*m + 0. Give n(-5).
-1
Let f = -1 - 1. Let n be 1/1 + 5 + -4. Let o(m) = 2*m**2 + 1 + 0*m**2 - m**3 - 5*m**n. Calculate o(f).
-3
Suppose 4*k = -n + 3*n + 14, -2*k = 2*n + 2. Let u(g) = k - 19*g + 16*g - 8. Suppose 0 = -5*j - r - 27, 0*j - j - r = 7. What is u(j)?
9
Suppose m = -2*g, -4*g + 0*m + 4*m + 24 = 0. Let a(n) = -2*n**g + 3*n**2 - 4 + 0*n**2 + 4*n. What is a(-5)?
1
Suppose 4*d = 2*d - 10. Let x = -48 - -79. Let j(w) = -w - 29 + 0*w + x + 2*w. Determine j(d).
-3
Let w(o) = 4 + o**3 - 5*o - 11 + 4*o - 5*o**2. What is w(5)?
-12
Let k(v) = 3*v**2 - v. Let f(b) = b. Let w be f(5). Suppose -4*d = -w - 7. Suppose -2*u - 5 = -d. Calculate k(u).
4
Let x(r) = -r**3 - r**2. Suppose 0 = 2*m + m + 4*u - 12, 4 = m - 5*u. Let q be (12/(-8))/(3/m). Give x(q).
4
Let q(i) = i**2 + 4*i + 4. Let v(h) = -h**2 - 3*h - 4. Let c(j) = 4*q(j) + 3*v(j). Determine c(-7).
4
Let f(h) = 6*h. Suppose -5*t + 6*a - 5*a + 8 = 0, -3*t + 3*a + 12 = 0. Determine f(t).
6
Let w(b) = -4*b. Let r be 9/(-27) + 2/6. Let m be 18/6 + (r - 1). Calculate w(m).
-8
Let i(k) = -k - 15. Suppose -1 = 3*h - 7. Suppose -h*o = 3*j - 0*j, 4*o - 2*j = 0. Determine i(o).
-15
Let t = -54 + 56. Let a be (-2)/6 - (-4)/3. Let m = t + a. Let r(f) = -f**2 + 4*f - 2. Give r(m).
1
Suppose -7*m = -4*m - 15. Suppose -m*x + 25 = -4*y, 2*y = 5*y. Let c(k) be the third derivative of k**4/24 + k**3/3 + 3*k**2. Determine c(x).
7
Let f(o) = o + 16 - 10 - 6. What is f(6)?
6
Let u(q) = 4*q + 4. Let o be 1/4 - (-42)/24. Suppose 3*g + 7 + o = 0. Determine u(g).
-8
Let l(q) = -q + 5. Let u be l(0). Let